{"id":87,"date":"2023-08-15T23:52:17","date_gmt":"2023-08-15T23:52:17","guid":{"rendered":"https:\/\/elfaro.online\/?page_id=87"},"modified":"2023-08-28T23:22:50","modified_gmt":"2023-08-28T23:22:50","slug":"nosotros","status":"publish","type":"page","link":"https:\/\/elfaro.online\/index.php\/nosotros\/","title":{"rendered":"Nosotros"},"content":{"rendered":"\n<h1>\n\t\tEl Faro\n\t<\/h1>\n\t<p>Abarrotes S\u00faper Faro inicia sus operaciones en 1939 en la calle Morelos en el centro de la Ciudad de Celaya Guanajuato, con el nombre de Abarrotes El Faro. En 1972 fue vendido a Ricardo Carrera Vel\u00e1zquez, en los siguientes a\u00f1os necesito una bodega donde recibir la mercanc\u00eda ya que algunos productos llegaban por furgones de ferrocarril completos, esta bodega que fue pensada solo para almacenar mercanc\u00eda m\u00e1s tarde fue abierta al p\u00fablico<\/p>\n<p>&nbsp;<\/p>\n<p><strong>MISI\u00d3N<\/strong><\/p>\n<p><i>&#8220;Somos una empresa dedicada a la comercializaci\u00f3n de materias primas para la industria de la panificaci\u00f3n y restaurantera, buscamos en nuestras operaciones dar un servicio de calidad, identificando y satisfaciendo las necesidades de nuestros clientes, nos preocupamos por\u00a0 el beneficio de nuestros colaboradores y clientes&#8221;.<\/i><\/p>\n<p>&nbsp;<\/p>\n<p><strong>VISI\u00d3N<\/strong><\/p>\n<p>&#8220;S<i>er una empresa l\u00edder en el mercado regional en la comercializaci\u00f3n de materias primas para la industria de la panificaci\u00f3n y restaurantera<\/i>&#8220;.\u00a0\u00a0<\/p>\n<p>&nbsp;<\/p>\n<p><strong>VALORES<\/strong><\/p>\n<p>Honestidad: Entendemos por honestidad actuar de acuerdo a los principios de honradez y justicia, siendo rectos y razonables.\u00a0<\/p>\n<p>Calidad: entendemos por calidad brindar un servicio adecuado y oportuno a\u00a0 nuestros clientes para satisfacer sus necesidades.<\/p>\n<p>Compromiso con los colaboradores: procurando condiciones de trabajo que garanticen su seguridad y bienestar\u00a0\u00a0\u00a0<\/p>\n<p>Compromiso con el cliente: superar sus expectativas brindando las soluciones a sus necesidades espec\u00edficas.<\/p>\n<p>Aprendizaje continuo: mediante programas de capacitaci\u00f3n<\/p>\n\n","protected":false},"excerpt":{"rendered":"<p>El Faro Abarrotes S\u00faper Faro inicia sus operaciones en 1939 en la calle Morelos en el centro de la Ciudad de Celaya Guanajuato, con el nombre de Abarrotes El Faro. En 1972 fue vendido a Ricardo Carrera Vel\u00e1zquez, en los siguientes a\u00f1os necesito una bodega donde recibir la mercanc\u00eda ya que algunos productos llegaban por [&hellip;]<\/p>\n","protected":false},"author":1,"featured_media":0,"parent":0,"menu_order":0,"comment_status":"closed","ping_status":"closed","template":"","meta":{"om_disable_all_campaigns":false,"_monsterinsights_skip_tracking":false,"_monsterinsights_sitenote_active":false,"_monsterinsights_sitenote_note":"","_monsterinsights_sitenote_category":0,"footnotes":""},"class_list":["post-87","page","type-page","status-publish","hentry"],"aioseo_notices":[],"yoast_head":"<!-- This site is optimized with the Yoast SEO plugin v21.3 - https:\/\/yoast.com\/wordpress\/plugins\/seo\/ -->\n<title>Nosotros - El Faro<\/title>\n<meta name=\"robots\" content=\"index, follow, max-snippet:-1, max-image-preview:large, max-video-preview:-1\" \/>\n<link rel=\"canonical\" href=\"https:\/\/elfaro.online\/index.php\/nosotros\/\" \/>\n<meta property=\"og:locale\" content=\"en_US\" \/>\n<meta property=\"og:type\" content=\"article\" \/>\n<meta property=\"og:title\" content=\"Nosotros - El Faro\" \/>\n<meta property=\"og:description\" content=\"El Faro Abarrotes S\u00faper Faro inicia sus operaciones en 1939 en la calle Morelos en el centro de la Ciudad de Celaya Guanajuato, con el nombre de Abarrotes El Faro. En 1972 fue vendido a Ricardo Carrera Vel\u00e1zquez, en los siguientes a\u00f1os necesito una bodega donde recibir la mercanc\u00eda ya que algunos productos llegaban por [&hellip;]\" \/>\n<meta property=\"og:url\" content=\"https:\/\/elfaro.online\/index.php\/nosotros\/\" \/>\n<meta property=\"og:site_name\" content=\"El Faro\" \/>\n<meta property=\"article:modified_time\" content=\"2023-08-28T23:22:50+00:00\" \/>\n<meta name=\"twitter:card\" content=\"summary_large_image\" \/>\n<script type=\"application\/ld+json\" class=\"yoast-schema-graph\">{\"@context\":\"https:\/\/schema.org\",\"@graph\":[{\"@type\":\"WebPage\",\"@id\":\"https:\/\/elfaro.online\/index.php\/nosotros\/\",\"url\":\"https:\/\/elfaro.online\/index.php\/nosotros\/\",\"name\":\"Nosotros - El Faro\",\"isPartOf\":{\"@id\":\"https:\/\/elfaro.online\/#website\"},\"datePublished\":\"2023-08-15T23:52:17+00:00\",\"dateModified\":\"2023-08-28T23:22:50+00:00\",\"breadcrumb\":{\"@id\":\"https:\/\/elfaro.online\/index.php\/nosotros\/#breadcrumb\"},\"inLanguage\":\"en-US\",\"potentialAction\":[{\"@type\":\"ReadAction\",\"target\":[\"https:\/\/elfaro.online\/index.php\/nosotros\/\"]}]},{\"@type\":\"BreadcrumbList\",\"@id\":\"https:\/\/elfaro.online\/index.php\/nosotros\/#breadcrumb\",\"itemListElement\":[{\"@type\":\"ListItem\",\"position\":1,\"name\":\"Inicio\",\"item\":\"https:\/\/elfaro.online\/\"},{\"@type\":\"ListItem\",\"position\":2,\"name\":\"Nosotros\"}]},{\"@type\":\"WebSite\",\"@id\":\"https:\/\/elfaro.online\/#website\",\"url\":\"https:\/\/elfaro.online\/\",\"name\":\"El Faro\",\"description\":\"Materia Prima Para Restaurantes y Panificadoras\",\"publisher\":{\"@id\":\"https:\/\/elfaro.online\/#organization\"},\"potentialAction\":[{\"@type\":\"SearchAction\",\"target\":{\"@type\":\"EntryPoint\",\"urlTemplate\":\"https:\/\/elfaro.online\/?s={search_term_string}\"},\"query-input\":\"required name=search_term_string\"}],\"inLanguage\":\"en-US\"},{\"@type\":\"Organization\",\"@id\":\"https:\/\/elfaro.online\/#organization\",\"name\":\"El Faro\",\"url\":\"https:\/\/elfaro.online\/\",\"logo\":{\"@type\":\"ImageObject\",\"inLanguage\":\"en-US\",\"@id\":\"https:\/\/elfaro.online\/#\/schema\/logo\/image\/\",\"url\":\"https:\/\/elfaro.online\/wp-content\/uploads\/2023\/10\/el-faro.png\",\"contentUrl\":\"https:\/\/elfaro.online\/wp-content\/uploads\/2023\/10\/el-faro.png\",\"width\":335,\"height\":431,\"caption\":\"El Faro \"},\"image\":{\"@id\":\"https:\/\/elfaro.online\/#\/schema\/logo\/image\/\"}}]}<\/script>\n<!-- \/ Yoast SEO plugin. -->","yoast_head_json":{"title":"Nosotros - El Faro","robots":{"index":"index","follow":"follow","max-snippet":"max-snippet:-1","max-image-preview":"max-image-preview:large","max-video-preview":"max-video-preview:-1"},"canonical":"https:\/\/elfaro.online\/index.php\/nosotros\/","og_locale":"en_US","og_type":"article","og_title":"Nosotros - El Faro","og_description":"El Faro Abarrotes S\u00faper Faro inicia sus operaciones en 1939 en la calle Morelos en el centro de la Ciudad de Celaya Guanajuato, con el nombre de Abarrotes El Faro. En 1972 fue vendido a Ricardo Carrera Vel\u00e1zquez, en los siguientes a\u00f1os necesito una bodega donde recibir la mercanc\u00eda ya que algunos productos llegaban por [&hellip;]","og_url":"https:\/\/elfaro.online\/index.php\/nosotros\/","og_site_name":"El Faro","article_modified_time":"2023-08-28T23:22:50+00:00","twitter_card":"summary_large_image","schema":{"@context":"https:\/\/schema.org","@graph":[{"@type":"WebPage","@id":"https:\/\/elfaro.online\/index.php\/nosotros\/","url":"https:\/\/elfaro.online\/index.php\/nosotros\/","name":"Nosotros - El Faro","isPartOf":{"@id":"https:\/\/elfaro.online\/#website"},"datePublished":"2023-08-15T23:52:17+00:00","dateModified":"2023-08-28T23:22:50+00:00","breadcrumb":{"@id":"https:\/\/elfaro.online\/index.php\/nosotros\/#breadcrumb"},"inLanguage":"en-US","potentialAction":[{"@type":"ReadAction","target":["https:\/\/elfaro.online\/index.php\/nosotros\/"]}]},{"@type":"BreadcrumbList","@id":"https:\/\/elfaro.online\/index.php\/nosotros\/#breadcrumb","itemListElement":[{"@type":"ListItem","position":1,"name":"Inicio","item":"https:\/\/elfaro.online\/"},{"@type":"ListItem","position":2,"name":"Nosotros"}]},{"@type":"WebSite","@id":"https:\/\/elfaro.online\/#website","url":"https:\/\/elfaro.online\/","name":"El Faro","description":"Materia Prima Para Restaurantes y Panificadoras","publisher":{"@id":"https:\/\/elfaro.online\/#organization"},"potentialAction":[{"@type":"SearchAction","target":{"@type":"EntryPoint","urlTemplate":"https:\/\/elfaro.online\/?s={search_term_string}"},"query-input":"required name=search_term_string"}],"inLanguage":"en-US"},{"@type":"Organization","@id":"https:\/\/elfaro.online\/#organization","name":"El Faro","url":"https:\/\/elfaro.online\/","logo":{"@type":"ImageObject","inLanguage":"en-US","@id":"https:\/\/elfaro.online\/#\/schema\/logo\/image\/","url":"https:\/\/elfaro.online\/wp-content\/uploads\/2023\/10\/el-faro.png","contentUrl":"https:\/\/elfaro.online\/wp-content\/uploads\/2023\/10\/el-faro.png","width":335,"height":431,"caption":"El Faro "},"image":{"@id":"https:\/\/elfaro.online\/#\/schema\/logo\/image\/"}}]}},"_links":{"self":[{"href":"https:\/\/elfaro.online\/index.php\/wp-json\/wp\/v2\/pages\/87","targetHints":{"allow":["GET"]}}],"collection":[{"href":"https:\/\/elfaro.online\/index.php\/wp-json\/wp\/v2\/pages"}],"about":[{"href":"https:\/\/elfaro.online\/index.php\/wp-json\/wp\/v2\/types\/page"}],"author":[{"embeddable":true,"href":"https:\/\/elfaro.online\/index.php\/wp-json\/wp\/v2\/users\/1"}],"replies":[{"embeddable":true,"href":"https:\/\/elfaro.online\/index.php\/wp-json\/wp\/v2\/comments?post=87"}],"version-history":[{"count":6,"href":"https:\/\/elfaro.online\/index.php\/wp-json\/wp\/v2\/pages\/87\/revisions"}],"predecessor-version":[{"id":164,"href":"https:\/\/elfaro.online\/index.php\/wp-json\/wp\/v2\/pages\/87\/revisions\/164"}],"wp:attachment":[{"href":"https:\/\/elfaro.online\/index.php\/wp-json\/wp\/v2\/media?parent=87"}],"curies":[{"name":"wp","href":"https:\/\/api.w.org\/{rel}","templated":true}]}}

<h1>
		El Faro
	</h1>
	<p>Abarrotes Súper Faro inicia sus operaciones en 1939 en la calle Morelos en el centro de la Ciudad de Celaya Guanajuato, con el nombre de Abarrotes El Faro. En 1972 fue vendido a Ricardo Carrera Velázquez, en los siguientes años necesito una bodega donde recibir la mercancía ya que algunos productos llegaban por furgones de ferrocarril completos, esta bodega que fue pensada solo para almacenar mercancía más tarde fue abierta al público</p>
<p>&nbsp;</p>
<p><strong>MISIÓN</strong></p>
<p><i>&#8220;Somos una empresa dedicada a la comercialización de materias primas para la industria de la panificación y restaurantera, buscamos en nuestras operaciones dar un servicio de calidad, identificando y satisfaciendo las necesidades de nuestros clientes, nos preocupamos por  el beneficio de nuestros colaboradores y clientes&#8221;.</i></p>
<p>&nbsp;</p>
<p><strong>VISIÓN</strong></p>
<p>&#8220;S<i>er una empresa líder en el mercado regional en la comercialización de materias primas para la industria de la panificación y restaurantera</i>&#8220;.  </p>
<p>&nbsp;</p>
<p><strong>VALORES</strong></p>
<p>Honestidad: Entendemos por honestidad actuar de acuerdo a los principios de honradez y justicia, siendo rectos y razonables. </p>
<p>Calidad: entendemos por calidad brindar un servicio adecuado y oportuno a  nuestros clientes para satisfacer sus necesidades.</p>
<p>Compromiso con los colaboradores: procurando condiciones de trabajo que garanticen su seguridad y bienestar   </p>
<p>Compromiso con el cliente: superar sus expectativas brindando las soluciones a sus necesidades específicas.</p>
<p>Aprendizaje continuo: mediante programas de capacitación</p>

<p>El Faro Abarrotes Súper Faro inicia sus operaciones en 1939 en la calle Morelos en el centro de la Ciudad de Celaya Guanajuato, con el nombre de Abarrotes El Faro. En 1972 fue vendido a Ricardo Carrera Velázquez, en los siguientes años necesito una bodega donde recibir la mercancía ya que algunos productos llegaban por [&hellip;]</p>

<!-- This site is optimized with the Yoast SEO plugin v21.3 - https://yoast.com/wordpress/plugins/seo/ -->
<title>Nosotros - El Faro</title>
<meta name="robots" content="index, follow, max-snippet:-1, max-image-preview:large, max-video-preview:-1" />
<link rel="canonical" href="https://elfaro.online/index.php/nosotros/" />
<meta property="og:locale" content="en_US" />
<meta property="og:type" content="article" />
<meta property="og:title" content="Nosotros - El Faro" />
<meta property="og:description" content="El Faro Abarrotes Súper Faro inicia sus operaciones en 1939 en la calle Morelos en el centro de la Ciudad de Celaya Guanajuato, con el nombre de Abarrotes El Faro. En 1972 fue vendido a Ricardo Carrera Velázquez, en los siguientes años necesito una bodega donde recibir la mercancía ya que algunos productos llegaban por [&hellip;]" />
<meta property="og:url" content="https://elfaro.online/index.php/nosotros/" />
<meta property="og:site_name" content="El Faro" />
<meta property="article:modified_time" content="2023-08-28T23:22:50+00:00" />
<meta name="twitter:card" content="summary_large_image" />
<script type="application/ld+json" class="yoast-schema-graph">{"@context":"https://schema.org","@graph":[{"@type":"WebPage","@id":"https://elfaro.online/index.php/nosotros/","url":"https://elfaro.online/index.php/nosotros/","name":"Nosotros - El Faro","isPartOf":{"@id":"https://elfaro.online/#website"},"datePublished":"2023-08-15T23:52:17+00:00","dateModified":"2023-08-28T23:22:50+00:00","breadcrumb":{"@id":"https://elfaro.online/index.php/nosotros/#breadcrumb"},"inLanguage":"en-US","potentialAction":[{"@type":"ReadAction","target":["https://elfaro.online/index.php/nosotros/"]}]},{"@type":"BreadcrumbList","@id":"https://elfaro.online/index.php/nosotros/#breadcrumb","itemListElement":[{"@type":"ListItem","position":1,"name":"Inicio","item":"https://elfaro.online/"},{"@type":"ListItem","position":2,"name":"Nosotros"}]},{"@type":"WebSite","@id":"https://elfaro.online/#website","url":"https://elfaro.online/","name":"El Faro","description":"Materia Prima Para Restaurantes y Panificadoras","publisher":{"@id":"https://elfaro.online/#organization"},"potentialAction":[{"@type":"SearchAction","target":{"@type":"EntryPoint","urlTemplate":"https://elfaro.online/?s={search_term_string}"},"query-input":"required name=search_term_string"}],"inLanguage":"en-US"},{"@type":"Organization","@id":"https://elfaro.online/#organization","name":"El Faro","url":"https://elfaro.online/","logo":{"@type":"ImageObject","inLanguage":"en-US","@id":"https://elfaro.online/#/schema/logo/image/","url":"https://elfaro.online/wp-content/uploads/2023/10/el-faro.png","contentUrl":"https://elfaro.online/wp-content/uploads/2023/10/el-faro.png","width":335,"height":431,"caption":"El Faro "},"image":{"@id":"https://elfaro.online/#/schema/logo/image/"}}]}</script>
<!-- / Yoast SEO plugin. -->

El Faro Abarrotes Súper Faro inicia sus operaciones en 1939 en la calle Morelos en el centro de la Ciudad de Celaya Guanajuato, con el nombre de Abarrotes El Faro. En 1972 fue vendido a Ricardo Carrera Velázquez, en los siguientes años necesito una bodega donde recibir la mercancía ya que algunos productos llegaban por [&hellip;]
